{"id":30116,"date":"2025-09-04T16:54:57","date_gmt":"2025-09-04T19:54:57","guid":{"rendered":"https:\/\/lojafilhosdemaria.com.br\/?post_type=product&#038;p=30116"},"modified":"2025-09-04T17:06:56","modified_gmt":"2025-09-04T20:06:56","slug":"adorno-sagrado-coracao-de-jesus","status":"publish","type":"product","link":"https:\/\/lojafilhosdemaria.com.br\/?product=adorno-sagrado-coracao-de-jesus","title":{"rendered":"Adorno Sagrado cora\u00e7\u00e3o de Jesus"},"content":{"rendered":"<p>Adorno Sagrado cora\u00e7\u00e3o de Jesus<\/p>\n<p><strong>Especifica\u00e7\u00f5es:<\/strong><\/p>\n<p>&nbsp;<\/p>\n<p><strong>Quadrado de cima:<\/strong> 8cm altura x 7,5cm de comprimento<\/p>\n<p><strong>Quadrado de baixo:<\/strong> 11cm altura x 7,5cm de comprimento<\/p>\n<p><strong>Comprimento total:<\/strong> 36cm<\/p>\n","protected":false},"excerpt":{"rendered":"<p>Adorno Sagrado cora\u00e7\u00e3o de Jesus Especifica\u00e7\u00f5es: &nbsp; Quadrado de cima: 8cm altura x 7,5cm de comprimento Quadrado de baixo: 11cm<\/p>\n","protected":false},"featured_media":30118,"comment_status":"open","ping_status":"closed","template":"","meta":{"_themeisle_gutenberg_block_has_review":false},"product_brand":[],"product_cat":[20],"product_tag":[237,248,241,240],"class_list":{"0":"post-30116","1":"product","2":"type-product","3":"status-publish","4":"has-post-thumbnail","6":"product_cat-adornos","7":"product_tag-adorno","8":"product_tag-adorno-sagrado-coracao-de-jesus","9":"product_tag-parede","10":"product_tag-porta","11":"product_shipping_class-entrega-padrao","13":"first","14":"instock","15":"shipping-taxable","16":"purchasable","17":"product-type-simple"},"_links":{"self":[{"href":"https:\/\/lojafilhosdemaria.com.br\/index.php?rest_route=\/wp\/v2\/product\/30116","targetHints":{"allow":["GET"]}}],"collection":[{"href":"https:\/\/lojafilhosdemaria.com.br\/index.php?rest_route=\/wp\/v2\/product"}],"about":[{"href":"https:\/\/lojafilhosdemaria.com.br\/index.php?rest_route=\/wp\/v2\/types\/product"}],"replies":[{"embeddable":true,"href":"https:\/\/lojafilhosdemaria.com.br\/index.php?rest_route=%2Fwp%2Fv2%2Fcomments&post=30116"}],"version-history":[{"count":1,"href":"https:\/\/lojafilhosdemaria.com.br\/index.php?rest_route=\/wp\/v2\/product\/30116\/revisions"}],"predecessor-version":[{"id":30119,"href":"https:\/\/lojafilhosdemaria.com.br\/index.php?rest_route=\/wp\/v2\/product\/30116\/revisions\/30119"}],"wp:featuredmedia":[{"embeddable":true,"href":"https:\/\/lojafilhosdemaria.com.br\/index.php?rest_route=\/wp\/v2\/media\/30118"}],"wp:attachment":[{"href":"https:\/\/lojafilhosdemaria.com.br\/index.php?rest_route=%2Fwp%2Fv2%2Fmedia&parent=30116"}],"wp:term":[{"taxonomy":"product_brand","embeddable":true,"href":"https:\/\/lojafilhosdemaria.com.br\/index.php?rest_route=%2Fwp%2Fv2%2Fproduct_brand&post=30116"},{"taxonomy":"product_cat","embeddable":true,"href":"https:\/\/lojafilhosdemaria.com.br\/index.php?rest_route=%2Fwp%2Fv2%2Fproduct_cat&post=30116"},{"taxonomy":"product_tag","embeddable":true,"href":"https:\/\/lojafilhosdemaria.com.br\/index.php?rest_route=%2Fwp%2Fv2%2Fproduct_tag&post=30116"}],"curies":[{"name":"wp","href":"https:\/\/api.w.org\/{rel}","templated":true}]}}